 What is the units digit of 1/2 - (588/x - -2)?
2
Let q be 4 + (-16)/2 + 1. What is the hundreds digit of q/(-7) - ((-41940)/28)/5?
3
Let q = -4814 + 9761. What is the tens digit of q?
4
What is the thousands digit of ((-1383)/6*31)/(4/(-8))?
4
Suppose -2*p + 3*a - 7*a = -638, 2*p - 4*a = 614. Let f = p - -147. What is the hundreds digit of f?
4
Let s(a) = -33*a + 96. Let i be s(4). What is the tens digit of i/15*(-14720)/48?
3
What is the units digit of (38052/(-8))/(-3)*8/4?
1
Let p = 317 + -323. What is the hundreds digit of 15216/(-144)*p/2?
3
Suppose -5061 = -x + 6076. What is the tens digit of x?
3
Let o(m) be the third derivative of m**5/20 + m**4/2 - 5*m**3/2 - 179*m**2. What is the units digit of o(7)?
6
Let d be (-1440)/(-100) - (-6)/10. Suppose 6736 = -d*u + 23*u. What is the tens digit of u?
4
Suppose -37*i = -88256 - 50494 - 51171. What is the tens digit of i?
3
Suppose 2*i + 2088 - 41347 = n, -5*n + 39241 = 2*i. What is the units digit of i?
8
Let h = 1139 - 284. Let j = -496 + h. What is the hundreds digit of j?
3
Let n(c) = -c**2 - 427*c - 11. What is the thousands digit of n(-5)?
2
Let z be 1/6 - 4/((-96)/54932). Suppose -8*g = 73 - z. What is the units digit of g?
7
Let g(k) = k**3 + 6*k**2 + 5*k - 11. Let v be g(-4). What is the hundreds digit of 26087/(-171)*(-9)/v?
3
Let p(z) = -1015*z. Let y be 1 + (6/(-39) - 168/91). What is the hundreds digit of p(y)?
0
Let d(l) = -93*l**2 - 6*l + 3. Let b(i) = -186*i**2 - 14*i + 8. Let j(w) = 2*b(w) - 5*d(w). What is the tens digit of j(-1)?
9
Let z(t) = 40*t + 197*t**2 - 1 - 59*t**2 - 40*t. What is the hundreds digit of z(-1)?
1
Suppose -20 = -8*v - 12. What is the hundreds digit of (1 + v)*(-959)/(-14)?
1
Let u(n) = 511*n + 1074. What is the units digit of u(35)?
9
Suppose 4*q + 793 + 102 = -5*v, v = 5. What is the hundreds digit of (q/(-40) + -6)*(-619 + -1)?
1
What is the units digit of 0 + -11*1 + 28 + 9706?
3
Suppose -5*g + 13 = 3*n, -n - 2*g = -6*g - 10. What is the tens digit of (72/(-20))/3*(-140)/n?
2
Suppose -50 = -7*s - 3*s. Suppose -1210 = b - 6*b - s*j, 0 = -2*b + 4*j + 508. What is the tens digit of b?
4
Let x = -2887 + 7055. Suppose -2*w = 5*z - 6936, 3*z = -w + 3*w + x. What is the thousands digit of z?
1
Let k(t) = 5*t + 13 + 10 - 9 + 10. Let u be k(0). Suppose 199 = 5*s + u. What is the tens digit of s?
3
Let p(r) = 3*r + 20. Let t be p(-5). Suppose 2*o + t*u - 24 = 3*u, 5*u + 68 = 3*o. Let w = o + 4. What is the units digit of w?
0
Suppose -228*u + 231*u = -510. Let f = 132 - u. What is the tens digit of f?
0
Let o = 325 + -320. Suppose -3*f = -o*u + 3517, -u - 1386 = -3*u - 4*f. What is the hundreds digit of u?
7
Suppose 63690 = 17*w - 7*w. Suppose 4*c + 7*c = w. What is the hundreds digit of c?
5
Let o = 180 - 33. Suppose -264 = -3*q - q. Let d = o - q. What is the tens digit of d?
8
Let v be (4 + -3)*3*1. Let f be (-30)/(36/(-8)*14/105). Suppose -4*n + f = -v*n. What is the tens digit of n?
5
Suppose 9*c - 4804 = 803. Let o = -19 + c. What is the hundreds digit of o?
6
Suppose -140*r - 916 - 2973 - 4791 = 0. Let q be (-1 - (-116 + 0))/1. Let m = r + q. What is the units digit of m?
3
Let z = 2063 + 12213. What is the units digit of z?
6
Suppose d = -6*x + 17859, 3*d + 9 = -0. What is the thousands digit of x?
2
Let g(x) be the first derivative of 4/3*x**3 + 3*x - 1/4*x**4 + 6 - x**2. What is the units digit of g(3)?
6
Suppose -o + 6 = 4. Suppose -45 = 3*t + o*t. What is the units digit of (-1491)/t - ((-32)/(-12) - 3)?
6
Let x = 2748 - 1988. What is the tens digit of x?
6
Let b(x) = 3*x + 10 - 52 + 27 + x**3 - 5*x**2. Let u be b(5). Suppose w = -3*s + 565, 0 = -3*w - u - 6. What is the hundreds digit of s?
1
Let s(i) = 22*i**2 - i. Let o be s(1). Suppose -4*g + 3*g + 188 = -3*j, -2*j + 3*g - 123 = 0. Let p = o - j. What is the units digit of p?
4
Let m = -49 + 50. Let l(j) = -m - 13 + 1 + 6*j. What is the tens digit of l(6)?
2
Suppose -391 = 2*a + 5*h - 8702, -3*a = -3*h - 12519. Suppose -2*p - g + 2351 = 0, -5*g + 674 = -3*p + a. What is the hundreds digit of p?
1
Let s = 49369 + -13218. What is the hundreds digit of s?
1
Suppose -3*b + 6*p + 29739 = 0, b + 2*p = -1246 + 11179. What is the hundreds digit of b?
9
Let y be ((-423)/(-18))/(4 + (-7)/2). Suppose -16*q + y*q - 15872 = 0. What is the units digit of q?
2
What is the ten thousands digit of ((-669)/(-4))/((-1086)/(-198376))?
3
Suppose -5*y - 335*q = -330*q + 345, 5*y - 2*q + 317 = 0. Let u(m) = 2*m**3 - 2*m**2 + m. Let d be u(2). What is the tens digit of 39/y - (-2066)/d?
0
Let n = 1357 + 17996. What is the hundreds digit of n?
3
Let c = 3112 + 34820. What is the thousands digit of c?
7
Suppose 162831 = 5*l + 3*d, 3*l + 5*d - 102841 + 5120 = 0. What is the ten thousands digit of l?
3
Suppose 0 = 5*v + 2*m - 258036, 20*v + 154858 = 23*v - 4*m. What is the ten thousands digit of v?
5
Let u = -16051 - -30963. What is the units digit of u?
2
Let w(c) = 3*c**3 - 7*c**2 + 2*c - 2. Let b(j) = -3*j**3 + 5*j**2 - 3*j + 2. Let l(f) = -3*b(f) - 2*w(f). What is the tens digit of l(6)?
4
Suppose 3*g + 10 = 8*g. Let i(c) = -c**g + 10 - c**3 - 5*c + 0*c**3 - 6*c**2. What is the units digit of i(-8)?
4
Let r = 890 - 434. Suppose -3*v - 2*p + 76 = -r, -4*p - 502 = -3*v. What is the units digit of v?
4
Let a = 310 - 298. Suppose 669 = l + a. What is the tens digit of l?
5
Let m = -3699 - -6383. What is the hundreds digit of m?
6
Suppose -3717 = -17*r - 402. Let i = r + 55. What is the units digit of i?
0
Let f(b) = 61*b**2 - 67*b - 629. What is the units digit of f(-12)?
9
Suppose 3*m - 5*r = 49398, -78*m + 4*r = -75*m - 49401. What is the hundreds digit of m?
4
Let q(z) = 43*z + 39. Let u(k) = -87*k - 76. Let n(h) = 9*q(h) + 4*u(h). What is the tens digit of n(6)?
8
Suppose 7*v + 306 + 268 = 0. Suppose -3*n = 3*j - 267, 2*j - 7*j = -2*n - 424. Let d = j + v. What is the units digit of d?
4
Let z = 2084 - -1657. What is the units digit of z?
1
Suppose -5*z + 5*a + 30 = 0, -2*z = -3*a + 1 - 8. What is the hundreds digit of z*32 - (9 - 5)?
3
Let h(p) = 58*p + 6. Let y be (-12)/(-18)*12/2 + -3. What is the units digit of h(y)?
4
Let u = 1262 + 1838. What is the units digit of u?
0
Let z(d) = 163*d**3 - 13*d**2 + 38*d - 19. What is the units digit of z(6)?
9
What is the ten thousands digit of (-1096198)/(-24) - 50/(-600)?
4
Suppose 5*h + 15 = 4*k - 5, 2*k + 5*h = 10. Let g(a) = 32*a - 1. What is the tens digit of g(k)?
5
Suppose 0 = 1201*f - 1199*f - 1124. Let m = 652 - f. What is the tens digit of m?
9
Let b be (-17622)/(-693) - 3/7. What is the hundreds digit of (-3)/((-6496)/(-32780) - 5/b)?
6
Suppose 4*n - 109 = 35. Let q = 36 - n. Let s(d) = 2*d**2 + 99. What is the tens digit of s(q)?
9
Suppose 15*v - 3 = -63. Let b be v/18 + 522/162. Suppose 9 = 3*o, 330 = -5*s - b*o + 1359. What is the units digit of s?
4
Let b be (-28)/35*175/(-14). What is the tens digit of 1752/b*95/38?
3
Suppose 0 = -d + 2*u, -2*u - 5 = 3*d - 3*u. Let b be (-122)/4*d - (-5)/(-5). Suppose -i - b = -2*i. What is the units digit of i?
0
Let w = 33007 - 12913. What is the ten thousands digit of w?
2
Let a(m) be the second derivative of -11*m**5/20 + 5*m**4/24 + 5*m**3 + 19*m. Let g(h) be the second derivative of a(h). What is the hundreds digit of g(-2)?
1
Let k = -57 + 33. Let h be ((-20)/14)/(-5) + k/(-14). Suppose 0*o - o - h*i + 29 = 0, -4*o + 72 = -3*i. What is the units digit of o?
1
Let c(w) be the third derivative of w**6/24 - w**5/12 - 13*w**4/24 + 5*w**3/3 + 26*w**2. Let u be c(4). Suppose -8*o + u = 3*o. What is the units digit of o?
8
Suppose 4*k + 140 - 401 = -3*r, 0 = k - r - 67. What is the units digit of (-76 + k)*(1 - 482/4)?
5
Let k = -432 + 444. What is the hundreds digit of 17/((-102)/k)*-185?
3
Let f(i) = i**3 - 93*i**2 + 8*i - 4. What is the units digit of f(95)?
6
Suppose 0 = -2*n + 8, -3*n + 16 = -5*a - 1. Let q = a - 4. What is the units digit of (-93)/q - (1 + (-6)/15)?
8
Let s = -26468 + 39709. What is the ten thousands digit of s?
1
Let t(u) = 2*u**3 + 108*u**2 - 186*u + 240. What is the thousands digit of t(-55)?
4
Let x be ((-507)/2)/(-9*7/84). Suppose -4*d + 122 = 1034. Let c = x + d. What is the tens digit of c?
1
Let t(z) = z - 1. Let g be t(-1). Let y(h) = -25*h + 67. Let p be y(3). What is the tens digit of ((-1